3*n, -r*z + 172 = 3*n + 40. What is the highest common divisor of 11 and z?
11
Suppose 1781 = -5*w + 4*z - 3151, -1984 = 2*w + 4*z. Let d be (-2)/(-11) + w/(-11). What is the highest common factor of 10 and d?
10
Suppose h = -5, t = -h + 457 - 126. What is the highest common divisor of t and 42?
42
Suppose -12 = -c + 6. Suppose -5*y = -2*y - 36. Calculate the highest common factor of y and c.
6
Suppose -14*k = -416 + 136. Let j be (-1 + 1/1)/2. Suppose -u + 4 = -j. Calculate the highest common factor of k and u.
4
Let h be 3*1/((-9)/(-30)). Let c = h + 14. What is the greatest common divisor of c and 6?
6
Let p(n) = n**2 + 7*n - 7. Let c be p(-8). Let q be (c - 2/(-1)) + 2. Suppose q*k - 10 = 35. What is the highest common factor of k and 36?
9
Suppose -y = -22 - 6. Let s be (-34 + -1)/((-1)/2). Suppose v + s = 2*v. What is the highest common factor of y and v?
14
Let z be 4/(-18) + 65/9. Let x(i) = i**3 - 7*i**2 + 1. Let n be x(z). What is the greatest common divisor of n and 1?
1
Let u(g) = -g**3 + 5*g**2 + 8*g - 8. Let m(h) = h**2 - 1. Let y be m(3). Let c be (18/y)/(6/16). Let q be u(c). What is the greatest common factor of 28 and q?
4
Suppose 5*k + a - 153 - 26 = 0, -5*k - 4*a = -176. Suppose -32 = -4*i + 16. What is the highest common factor of k and i?
12
Let d be (-2)/(-12) - 4/(-48)*2374. What is the greatest common factor of d and 18?
18
Suppose -56 = -2*l + 4*i, -4*l + 2*i = -134 + 34. Calculate the highest common divisor of l and 8.
8
Let w be 4 + 0 + -2 + 1. Suppose 3*v - 67 = -0*v + 5*o, o + 71 = 3*v. What is the greatest common divisor of v and w?
3
Let d(k) = -2*k - 17. Let x be d(-9). What is the highest common divisor of x and 8?
1
Let g(m) = -3*m. Let r be g(1). Let w(c) = -5*c**3 - c**2 - 3*c. Let p be w(r). Suppose -5*l + 48 + 27 = 0. Calculate the highest common factor of p and l.
15
Suppose 0 = -l + 3*i + 1 - 35, -3*i - 170 = 5*l. Let j = l - -78. Suppose 0*x + j = 4*x. What is the highest common factor of 22 and x?
11
Let l(s) = -3*s**3 - 2*s**2 + 2*s + 2. Let q be l(-2). Let i be 39/13 - -4*(-4 + 5). What is the greatest common divisor of q and i?
7
Suppose 20 = -5*d, 183 = -5*v - 3*d + 531. What is the highest common factor of v and 54?
18
Let m = 86 + -52. Calculate the highest common factor of m and 85.
17
Suppose 2*k = 4*o - 9 - 17, -o + 56 = -5*k. Let n = 19 + k. Let l be 82/n + (-1)/4. What is the highest common divisor of l and 4?
2
Suppose -21 = -4*q - 5. What is the highest common factor of 8 and q?
4
Let z(v) = 9*v**2 + 5*v + 1. Let p be z(4). What is the greatest common factor of p and 15?
15
Suppose -5*l = -3*l + 2, l = 5*a - 11. Suppose 52 = 4*h + k - 349, 0 = a*k - 2. What is the highest common factor of 25 and h?
25
Let c be 5/20 - 15/(-4). Suppose -3*x = -c*x + 36. What is the greatest common divisor of 9 and x?
9
Suppose -1 + 0 = -2*v - w, 0 = 4*v + 3*w + 3. Suppose -2*c + 3*q - 8*q = -71, 0 = v*c - 2*q - 154. Calculate the highest common factor of 6 and c.
6
Let b = 41 + -26. What is the greatest common divisor of 10 and b?
5
Suppose 4*v - 32 = -8. Suppose 2*i - i = 18. What is the greatest common factor of v and i?
6
Let j be (8/5)/(12/150). Suppose -2*m - 50 = 32. Let u = m - -71. Calculate the highest common divisor of u and j.
10
Suppose 3*x = -2*x + 20. Suppose -5*z + 8 = -27. Suppose -4*l - 24 = -z*l. Calculate the highest common factor of l and x.
4
Suppose -15 - 9 = -4*v. Let s(z) = z - 2. Let q(f) = f - 3. Let p(g) = q(g) + s(g). Let a be p(v). Calculate the highest common divisor of a and 63.
7
Let c be -14 + 0 + (1 - 3). Let s be 14 + (-4)/c*4. Calculate the highest common factor of s and 105.
15
Let d be -3*15/(-20)*88. What is the highest common divisor of d and 22?
22
Let s(t) = 2*t - 2 + 0 - 3*t. Let i be s(-9). Let p(c) = -c**2 + 8*c + 5. Let r be p(i). What is the greatest common divisor of r and 24?
12
Let j be -1*((-3684)/(-4))/3. Let f = -199 - j. Calculate the greatest common divisor of f and 12.
12
Let v(l) = -l**3 - 8*l**2 + 2*l - 6. Let p be 2*(3 + (-15)/2). Let o be v(p). Calculate the greatest common factor of o and 19.
19
Let d = -57 - -87. Suppose -a - a = -3*b + d, -4*a = -b. Suppose -7*p = -3*p - 120. What is the greatest common factor of b and p?
6
Let h(x) = x**2 + x + 6. Let y be h(-4). What is the highest common factor of y and 90?
18
Let s = 167 + 73. Calculate the highest common factor of 30 and s.
30
Suppose 0 = 7*h - 10*h. Suppose -3*y - 4*f + 4 = h, -3*y - f = -5*f - 44. What is the greatest common factor of 2 and y?
2
Let a(x) = x**2 + 32. Let l be a(0). Let c = -2 - -10. Suppose 0*w = w - c. Calculate the greatest common divisor of w and l.
8
Suppose -1617 = -4*n - z + 415, z = 4. Let q = -326 + n. Let t be q/3 + (-1)/3. What is the greatest common factor of 12 and t?
12
Let m(y) = 3*y**2 + y**3 + 0*y - 5*y - 1 + y**2. Let h be m(-5). Let b be (154/h)/(-2) - 2. Calculate the highest common factor of b and 30.
15
Let s(n) = 3*n - 2. Let j be s(2). Suppose 0 = -5*w - j*u + 23, 8 = w + 4*u - 3. What is the highest common factor of w and 15?
3
Let d be ((-16)/(-6))/(4/18). Suppose -1 = o - 2*r, -r - d = -2*o - o. Calculate the greatest common factor of 25 and o.
5
Let z be 39*-4*(-2)/12. What is the highest common factor of z and 13?
13
Suppose -2*o + 2*r - r + 16 = 0, -24 = -4*o + 4*r. What is the greatest common divisor of 5 and o?
5
Let h(c) = 2*c**2 - 10*c - 5. Let b(g) = 2*g**2 - 11*g - 4. Let m(l) = -3*b(l) + 4*h(l). Let o be m(8). What is the greatest common divisor of 8 and o?
8
Let w(k) = -4*k**2 + 3*k + 2. Let s be w(7). Let t = 349 + s. Let x be 82/5 - (-2)/(-5). Calculate the greatest common factor of t and x.
16
Let p(z) = -4*z + 1. Let g be p(-1). Let w(u) = 4*u + 0*u + 7*u**2 + u**3 + 0*u. Let n be w(-5). Calculate the highest common divisor of n and g.
5
Let m = -43 - -46. What is the greatest common factor of m and 33?
3
Suppose -1 + 65 = -4*k. Let s = 31 + k. Let l = s - 11. What is the highest common factor of l and 36?
4
Let a = 370 + 275. Suppose 3*s = 2*g + 386, 5*s - a = -0*s + 3*g. Let z = 40 - 28. Calculate the greatest common factor of z and s.
12
Let s(p) = -7*p - 19. Let d be s(-13). Suppose -i - 5*u = -25 + 6, -16 = -4*u. Let w be (0 - i)*18/2. Calculate the highest common factor of w and d.
9
Suppose 0 = -i - 0*i + 154. Suppose h + 1 = 3. Suppose -3*q = -h*q + 5, -47 = -3*f + q. Calculate the greatest common divisor of i and f.
14
Suppose 0 = -5*j - j + 84. What is the highest common divisor of j and 112?
14
Let w be 3/7 - 3/(84/(-352)). What is the highest common divisor of 91 and w?
13
Let n be (1/(-2))/((-6)/24). What is the highest common factor of 50 and n?
2
Let f(s) = s**3 + 3*s**2 - 3*s + 7. Let m be f(5). Calculate the greatest common divisor of m and 24.
24
Suppose 3*t = 5*t + 6. Let n(r) = -4*r. Let z be n(t). Suppose -3*o + 18 = -18. What is the highest common factor of z and o?
12
Let m = -2 + -4. Let r = 10 - m. Calculate the greatest common factor of r and 16.
16
Let d(j) = 0*j**2 + 1 + 7*j**2 + 0*j**2 - 3*j + j**3. Let n be d(-7). What is the greatest common factor of 33 and n?
11
Let f = 67 + -7. Suppose -f = -3*l - 2*l. Calculate the highest common factor of l and 6.
6
Suppose -5*i - 427 + 1032 = 0. What is the highest common factor of i and 11?
11
Let r be 50 - (1 + 4/(-2)). Let m = -21 + r. Calculate the highest common factor of 12 and m.
6
Suppose 0 = 4*n - 12, -70 = o + 5*n + 79. Let w = 25 - o. What is the highest common factor of w and 21?
21
Suppose 0*c - c = -27. Let m = 20 + -11. What is the greatest common factor of m and c?
9
Let t(a) be the second derivative of -43*a**3/6 + 3*a**2/2 + 2*a. Let s be t(-3). Calculate the greatest common factor of 12 and s.
12
Let z(k) = 6*k - 1. Let r be ((-2)/6)/(1/(-6)). Let f be z(r). Let j = -2 - -112. Calculate the greatest common divisor of j and f.
11
Let h = -7 - -11. Let y = 6 + h. Suppose -5*d = -y*d + 30. Calculate the greatest common divisor of 48 and d.
6
Suppose 0 = 4*u + u - 80. Calculate the greatest common divisor of 64 and u.
16
Let j be ((-1)/(-2))/(2/68). Let t(v) = -v**2 - v + 85. Let w = 1 + -1. Let r be t(w). What is the highest common factor of j and r?
17
Let q be (56/(-10))/(2/(-70)). Suppose -6*u = -u + 2*o - q, 4*u + 4*o - 152 = 0. What is t